e remainder when 9128500 is divided by 1624?
1620
What is the remainder when 27695246 is divided by 16?
14
What is the remainder when 10681062 is divided by 322?
0
Calculate the remainder when 411744747 is divided by 3.
0
Calculate the remainder when 55938088 is divided by 4821.
25
Calculate the remainder when 59759679 is divided by 179.
171
Calculate the remainder when 264427 is divided by 2792.
1979
Calculate the remainder when 170977 is divided by 7413.
478
What is the remainder when 960782859 is divided by 184?
179
Calculate the remainder when 35833 is divided by 8903.
221
What is the remainder when 23199360 is divided by 278?
260
What is the remainder when 1481416 is divided by 51082?
38
What is the remainder when 1967529009 is divided by 87?
84
What is the remainder when 244158 is divided by 2753?
1894
What is the remainder when 469279 is divided by 1638?
811
Calculate the remainder when 1399402 is divided by 596.
590
What is the remainder when 13383 is divided by 6598?
187
Calculate the remainder when 47272277 is divided by 2994.
11
What is the remainder when 4019284 is divided by 1339314?
1342
Calculate the remainder when 61355 is divided by 64.
43
What is the remainder when 5919578 is divided by 1973188?
14
What is the remainder when 248774 is divided by 1658?
74
Calculate the remainder when 28643 is divided by 598.
537
What is the remainder when 126479 is divided by 12192?
4559
What is the remainder when 1219897949 is divided by 25?
24
What is the remainder when 3150916 is divided by 1050156?
448
What is the remainder when 3211207 is divided by 305?
167
What is the remainder when 3524169 is divided by 880988?
217
What is the remainder when 693342 is divided by 831?
288
What is the remainder when 261889 is divided by 52299?
394
Calculate the remainder when 20407972 is divided by 5287.
152
Calculate the remainder when 226748 is divided by 203.
200
Calculate the remainder when 8894606 is divided by 30.
26
What is the remainder when 215718284 is divided by 931?
929
Calculate the remainder when 786039 is divided by 261993.
60
What is the remainder when 3811726 is divided by 569?
564
Calculate the remainder when 495747 is divided by 70819.
14
What is the remainder when 136804 is divided by 8846?
4114
Calculate the remainder when 21803969 is divided by 77871.
89
What is the remainder when 1332283 is divided by 148002?
265
Calculate the remainder when 286655268 is divided by 8648.
12
What is the remainder when 3925692 is divided by 17?
1
What is the remainder when 25227 is divided by 2716?
783
What is the remainder when 746549 is divided by 3188?
557
What is the remainder when 103921 is divided by 17306?
85
Calculate the remainder when 19649703 is divided by 1706.
1701
Calculate the remainder when 1515988 is divided by 9132.
76
What is the remainder when 142220 is divided by 553?
99
What is the remainder when 75522253 is divided by 2288553?
4
What is the remainder when 937866 is divided by 1238?
700
What is the remainder when 171733 is divided by 34346?
3
Calculate the remainder when 3261288 is divided by 2308.
84
What is the remainder when 15339243 is divided by 62?
9
Calculate the remainder when 774988 is divided by 22793.
26
Calculate the remainder when 4154967 is divided by 207743.
107
Calculate the remainder when 112910 is divided by 588.
14
What is the remainder when 39259752 is divided by 205?
202
Calculate the remainder when 118031 is divided by 169.
69
What is the remainder when 13866456 is divided by 1234?
1232
Calculate the remainder when 524181697 is divided by 350.
347
Calculate the remainder when 5532589 is divided by 306.
109
What is the remainder when 63919604 is divided by 213?
8
Calculate the remainder when 134436 is divided by 637.
29
Calculate the remainder when 3783443 is divided by 168.
83
Calculate the remainder when 104104 is divided by 329.
140
What is the remainder when 253299 is divided by 190?
29
Calculate the remainder when 287620 is divided by 143347.
926
What is the remainder when 256287 is divided by 21355?
27
Calculate the remainder when 334323 is divided by 6161.
1629
Calculate the remainder when 4406154 is divided by 188.
186
Calculate the remainder when 245213 is divided by 81575.
488
Calculate the remainder when 54808 is divided by 13633.
276
Calculate the remainder when 554005 is divided by 1513.
247
Calculate the remainder when 17587957 is divided by 2931324.
13
What is the remainder when 288577 is divided by 7248?
5905
What is the remainder when 31733 is divided by 5733?
3068
Calculate the remainder when 393580 is divided by 177.
109
Calculate the remainder when 2074652 is divided by 9879.
62
What is the remainder when 4397458 is divided by 11572?
98
What is the remainder when 309920 is divided by 3775?
370
Calculate the remainder when 3730649 is divided by 2850.
2849
What is the remainder when 157487930 is divided by 213?
203
Calculate the remainder when 575568 is divided by 261.
63
Calculate the remainder when 9109970 is divided by 616.
562
Calculate the remainder when 18238515 is divided by 23.
21
Calculate the remainder when 2282508 is divided by 2099.
895
What is the remainder when 345451 is divided by 53?
50
What is the remainder when 36491 is divided by 18184?
123
Calculate the remainder when 118097 is divided by 327.
50
What is the remainder when 13268079 is divided by 83447?
6
Calculate the remainder when 1594462 is divided by 919.
916
What is the remainder when 499046 is divided by 3117?
326
What is the remainder when 294764 is divided by 1388?
508
Calculate the remainder when 4684599 is divided by 2342179.
241
What is the remainder when 188073 is divided by 3898?
969
Calculate the remainder when 12115918 is divided by 195418.
2
Calculate the remainder when 791775 is divided by 2802.
1611
Calculate the remainder when 2087455 is divided by 113.
6
What is the remainder when 119979 is divided by 84?
27
What is the remainder when 108071 is divided by 17110?
5411
What is the remainder when 41771924 is divided by 203?
5
Calculate the remainder when 5237831 is divided by 36.
11
Calculate the remainder when 4317439 is divided by 25.
14
What is the remainder when 4474990 is divided by 1746?
1738
Calculate the remainder when 908395 is divided by 600.
595
Calculate the remainder when 11850 is divided by 1914.
366
What is the remainder when 435682 is divided by 435584?
98
What is the remainder when 368546832 is divided by 3183?
3177
Calculate the remainder when 75067976 is divided by 394.
338
What is the remainder when 29474 is divided by 551?
271
What is the remainder when 191126 is divided by 180652?
10474
Calculate the remainder when 100839 is divided by 49462.
1915
What is the remainder when 870598 is divided by 189?
64
Calculate the remainder when 2144644 is divided by 436.
396
Calculate the remainder when 10572 is divided by 21.
9
What is the remainder when 11938 is divided by 384?
34
What is the remainder when 20087081 is divided by 62?
11
What is the remainder when 1534028 is divided by 383496?
44
What is the remainder when 365929 is divided by 658?
81
Calculate the remainder when 11139360 is divided by 238.
8
Calculate the remainder when 275848 is divided by 967.
253
What is the remainder when 74881 is divided by 37045?
791
What is the remainder when 582762 is divided by 44826?
24
What is the remainder when 10098769 is divided by 4624?
4577
What is the remainder when 216847690 is divided by 15?
10
Calculate the remainder when 2663722 is divided by 229.
223
Calculate the remainder when 634031893 is divided by 8.
5
Calculate the remainder when 14653989 is divided by 377.
376
Calculate the remainder when 5008901 is divided by 1001775.
26
Calculate the remainder when 1931633 is divided by 1228.
1217
What is the remainder when 715347 is divided by 20438?
17
Calculate the remainder when 305316 is divided by 4846.
18
Calculate the remainder when 164504 is divided by 17248.
9272
What is the remainder when 5878185 is divided by 534379?
16
Calculate the remainder when 58789273 is divided by 483.
445
Calculate the remainder when 26348384 is divided by 42090.
44
Calculate the remainder when 151853 is divided by 3347.
1238
What is the remainder when 74594 is divided by 3534?
380
Calculate the remainder 